 Give j(-8).
7
Let k(w) = -5*w**3 - 11*w**2 - 8*w - 10. Let g(f) = -2*f**3 - 3*f**2 - 3*f - 4. Let h(n) = -8*g(n) + 3*k(n). Determine h(9).
2
Let g(h) = h + 16. Let a be (-16)/(-56) - 174/21. Determine g(a).
8
Suppose 4*l = -3*o + 2*l + 17, 4*l - 9 = -o. Let g(r) = -20*r**3 - 2*r**2 + 32. Let j(p) = -7*p**3 - p**2 + 11. Let h(w) = 6*g(w) - 17*j(w). What is h(o)?
5
Let i = -145 - -84. Let j = i + 56. Let a(w) = 7 - 2*w + w + 3*w. Give a(j).
-3
Let x(q) = -q**3 + 4*q**2 + 2*q - 4. Let c be (8/14)/(52/364). Calculate x(c).
4
Let k(o) = 103 + 3*o**2 + 3*o - 100 - 4*o**2. Give k(3).
3
Let j(x) = -2*x**2 + 31*x + 51. Suppose -73 = -5*s + 3*l, -4*l - 14 + 30 = 0. Give j(s).
0
Let l be ((-60)/(-9))/(4/(-24)). Let h = l + 42. Let n(i) = i**2 - 1. What is n(h)?
3
Let o(t) be the first derivative of -t**5/120 - t**4/24 + 6*t**3 - 2. Let v(h) be the third derivative of o(h). Determine v(2).
-3
Let z(i) = -i**3 - 4*i**2 + i - 2. Suppose -186 = 16*l - 106. Determine z(l).
18
Let p(c) = 16 + 21 + 7*c - 37 - c. Give p(2).
12
Let y(z) be the first derivative of -15 - 4*z + z**2 + 0*z + 21. Let r be y(5). Let j(u) = u**3 - 5*u**2 - 7*u + 2. What is j(r)?
-4
Let v(p) = -p - 3. Suppose 2 = a - 11*t + 6*t, 2 = a + 4*t. Suppose -5*w = -a*w - 18. Suppose w*h = h - 4*i, 0 = -3*h - 3*i. Give v(h).
-3
Let v(t) be the third derivative of t**5/60 + t**4/8 - t**3/2 + 228*t**2. Determine v(2).
7
Let u be 2 + (-20)/11 - (-79)/(-11). Let b(i) = -i**2 - 7*i + 3. What is b(u)?
3
Suppose -126 = -2*j - 44. Let u = j + -45. Let w(c) = c**2 + 4*c + 4. Determine w(u).
4
Let g = 32 - 43. Let n(j) = 3*j**2 - j - 5. Let t(h) = -8*h**2 + 2*h + 14. Let b(x) = g*n(x) - 4*t(x). Determine b(2).
1
Let o(p) be the third derivative of -p**6/24 + p**5/30 + 152*p**2. Determine o(-1).
7
Let s(o) = o**3 - 6*o**2 + 2*o - 5. Suppose -4*j = -3*c + 34, -41*c + 46*c - 4*j = 46. Give s(c).
7
Suppose 17 = 16*g - 31. Let m(x) = 5*x**2 - 6 + 1 - 3*x + 8 + g*x**2 - x**3. Give m(8).
-21
Let h(j) be the first derivative of -j**4/24 - 5*j**3/6 - 5*j**2 + 8. Let v(c) be the second derivative of h(c). Let m be (-2 + -6)/4 - -2. Calculate v(m).
-5
Let d = 17 - 14. Let s(a) = -175*a**2 - a**3 - 179*a**2 + 356*a**2 - 1 + 0*a**3. Determine s(d).
-10
Let m(r) be the third derivative of r**4/24 + r**3/2 - 2*r**2 + 1. Determine m(-4).
-1
Let y(a) = a**3 + 3*a**2 - 4. Let h be y(-2). Let v be (2/(-8)*h)/1. Let o(x) = -8*x + 0 + v. What is o(-1)?
8
Let u(s) = 2*s + 15. Let b be u(-6). Let t(x) = b + 92*x - 44*x - 43*x. Determine t(-3).
-12
Let q(z) = -4 + 7 + 8*z**2 - z**3 + 9*z - 8 - 2. Calculate q(9).
-7
Let t(j) = -40*j + 86. Let h be t(2). Let w(o) = 5*o - 25. Determine w(h).
5
Let f(q) be the third derivative of -q**4/24 + q**3/6 + 14*q**2. Suppose 0 = 2*x - 0*x - 24. Suppose 0 = -3*h + 5*d + 24, -h = h - 2*d - x. Calculate f(h).
-2
Let t(m) = m**3 + 10*m**2 + 18*m + 22. Let j(w) = -w**3 - 10*w**2 - 17*w - 20. Let n(c) = -6*j(c) - 5*t(c). Calculate n(-9).
-17
Suppose 25 - 82 = -19*x. Let t(w) be the third derivative of 5/6*w**3 - x*w**2 + 0 - 1/24*w**4 + 0*w. What is t(0)?
5
Let n(v) = -3*v**3 + 13*v + 16*v**2 + 8 - 7*v**2 + 0 + 2*v**3. Determine n(10).
38
Let b(u) be the third derivative of u**4/6 + u**3/2 + 3*u**2. Let k be 3/((-22)/4 + 4). Calculate b(k).
-5
Let t be (-2 - (-16)/20)*5. Let m be t/10 + 1 - (-24)/(-10). Let h(o) = -7*o**2 - 4*o - 2. Determine h(m).
-22
Let m be (6/(-7))/(2/14). Let f(w) = w**2 + 0*w**2 - 7*w**3 + 0*w**2 - 3 + 1. Let n(l) = -8*l**3 + 2*l**2 - l - 2. Let t(u) = 7*f(u) - 6*n(u). Calculate t(m).
-2
Let t(u) be the first derivative of 1/6*u**3 + 0*u**2 - 5*u + 7. Let r(n) be the first derivative of t(n). Give r(0).
0
Let k be 2/2*-1*-2. Let y(u) be the third derivative of -u**6/120 + u**5/60 + u**4/24 - u**3/6 + 2061*u**2. Determine y(k).
-3
Let p(a) = -4*a**2 - 2*a - 11. Let f(o) = -5*o**2 - o - 13. Let t(w) = 3*f(w) - 4*p(w). Give t(-5).
5
Let i(d) be the third derivative of d**4/24 - d**3/3 - 12*d**2. Let v(l) = -l - 2. Let m be v(-5). Suppose -3*w + 21 = 3*o, -m*w - 3 + 29 = 4*o. Determine i(o).
3
Suppose -q + 3 = 2*q. Let y(o) = 5*o**3 - o**2 - 9*o + 5. Let b(l) = l**3 - l**2 - l + 1. Let i(r) = q*y(r) - 6*b(r). Calculate i(5).
-16
Suppose 3*b = 4*k + 8, 4*b - 9 = 4*k - 1. Let l(s) = 2*s + 3. Let y be l(0). Let n(w) = -w**2. Let o(i) = -4*i**2 + 8. Let g(t) = y*n(t) - o(t). Determine g(b).
-8
Let l(k) be the second derivative of -8*k**3/3 - 27*k**2 - 48*k. Let j be l(-4). Let m(z) = 2*z - 10. Determine m(j).
10
Let u(c) be the third derivative of -c**6/120 + c**5/60 + c**4/12 + c**3/3 + 15*c**2 + 13*c - 2. Suppose 3 = -3*d - 3. What is u(d)?
10
Let i(q) = -5*q + 218. Let j be i(43). Let t(o) = 2*o - 9. What is t(j)?
-3
Let a(g) = 3*g + 3. Let n = -36 - -69. Let m = n - 35. Determine a(m).
-3
Let f(n) be the first derivative of -2*n**3/3 - n**2/2 + 4*n - 3. Let m = 52 + -54. Let u be -1 + -1 + -4*m/(-8). Give f(u).
-11
Let u be (-47)/(-7) + 62/217. Let p(l) = l**2 - 9*l + 9. Calculate p(u).
-5
Let s be (-84)/(-30) - 2/(-10). Let l = 16 - 13. Let n(r) = -r - r**3 - r + l*r**2 + 3*r + 0*r + 3. What is n(s)?
6
Let f(g) = -7*g. Let s(b) = 3*b. Let r(m) = -2*f(m) - 5*s(m). Let n be r(-3). Let w(h) = 5 - 3*h + 3*h + h - 3*h**3 - h**2 + 2*h**n. Determine w(0).
5
Suppose 2 = i - 0*i. Let t(c) = -2*c + 418*c**3 - 417*c**3 + 6*c**2 - 2*c**i - 1. Give t(-4).
7
Let l(t) = t**3 - 5*t**2 - 5*t + 4. Let u(g) = g**2 - 2*g + 4. Let n be u(3). Suppose 3*z = -w + 16, w - 3*z = -w - 4. Suppose -w*s + 31 = n. Determine l(s).
10
Let s = 10 + -10. Suppose 0 = -s*u + 4*u. Suppose -1 = d - u. Let y(j) = 5*j**2 + 1. What is y(d)?
6
Let i(w) = -2*w - 1. Let n(p) = 4*p - 6. Let t(j) = 7*i(j) + 3*n(j). Calculate t(-18).
11
Let b(q) = 772462*q - q**3 + 5*q**2 - 386236*q + 2 - 386230*q. Let v = 6 + -4. Calculate b(v).
6
Let s = -315 + 317. Let n(j) be the third derivative of -1/6*j**3 + 0 + 0*j - j**2 + 1/3*j**4. Give n(s).
15
Let m be (5/2)/((-19)/38). Let s(y) = 5*y - 7. Let t(v) be the second derivative of 11*v**3/6 - 7*v**2 + 3*v. Let w(r) = -9*s(r) + 4*t(r). Determine w(m).
12
Let k(w) = -2*w**2 - 14*w + 9. Let a(s) be the first derivative of s**3/3 + 7*s**2/2 - 4*s + 1. Let q(d) = -7*a(d) - 3*k(d). Give q(-8).
-7
Let d(n) = -4*n**3 + 2*n**2. Let a(v) = -25*v**3 + 22*v**2 - 12*v + 10. Let c(w) = -a(w) + 6*d(w). What is c(8)?
-42
Let x(o) = -o**3 + 5*o**2 + 5*o + 5. Let l = 65 - 37. Let m be l/(-35) + (-248)/(-10). Suppose 0 = -4*g - 3*j + m, -g = 3*g + j - 24. Determine x(g).
-1
Let j(n) = 5*n - 3. Let p be (-9)/36*232/(-2). Suppose -17 = -3*y - p. Determine j(y).
-23
Let z(k) = -k**2 + 4*k - 8. Let l(q) = -3*q**2 + 78*q + 87. Let s be l(27). Determine z(s).
-20
Let y(b) = b**3 + 3*b**2 - 2*b + 4. Let a be y(-4). Let i = a + 4. Let q be -6 - (i + -3)/(-3). Let k(m) = -m**3 - 7*m**2. What is k(q)?
0
Suppose 0*c = f - c + 7, -f + 2*c = 12. Let u(t) = t + 1. Calculate u(f).
-1
Let b be (-13 - 3)*-2 - 4. Let k be (-24)/(-3)*21/b. Let x(f) = f**2 + f + 1. Let c(q) = -2*q**2 + 4*q + 2. Let s(p) = c(p) + x(p). Calculate s(k).
-3
Let q(a) be the first derivative of -a**2/2 - 27*a + 231. What is q(-18)?
-9
Let b(d) = d**3 + 5*d**2 - 7*d + 5. Let z be (-38)/7 + (-192)/336. Calculate b(z).
11
Let h(i) = -i**2 + 20*i - 12. Suppose -4548 = 2*w - 4584. Calculate h(w).
24
Let a(w) be the third derivative of 0*w**3 + 1/60*w**5 + 0 - 1/12*w**6 - 1/24*w**4 + 0*w - w**2. Let r be 4*44/144 - (-2)/(-9). Determine a(r).
-10
Let g(y) = -6*y - 7. Let c(p) = 4*p + 5. Let k(x) = 4*c(x) + 3*g(x). What is k(1)?
-3
Let z = -2111 - -2119. Let v(h) = 2*h - 19. Calculate v(z).
-3
Let r(m) = 2*m**2. Let f(x) = x**2 + x + 3. Let p be f(6). Let j be ((-20)/p)/(8/(-36)). Calculate r(j).
8
Let p(v) = -v**2 + 8*v + 9. Let w = -38 + 102. Let r = 71 - w. Give p(r).
16
Let g(t) = -15*t**2 - 46*t. Let w be g(-3). Let u be (-4)/12 - 1/(-3). Let z(q) = 0 + q + u + 2 - w. Calculate z(0).
-1
Let x be (36/15)/(8/60). Let d = x + -21. Let z(b) = 96 - 184 + 2*b + 92. Determine z(d).
-2
Let t(a) = -3*a**3 - a**2 + 3*a + 3. Let k be t(-1). Let u(x) be the third derivative of 0*x + 2*x**2 + 0 - 1/30*x**5 - 1/24*x**4 + 1/3*x**3. Give u(k).
-8
Let l be 1 - (2/(-1) - -1). Let f(d) = -4*d - 1 + l*d - 1. Let t be (3/6)/(11/66). Give f(t).
-8
Suppose 146 = 16